{"id":96,"date":"2026-05-02T11:05:25","date_gmt":"2026-05-02T11:05:25","guid":{"rendered":"https:\/\/dardiajoseph.com\/?page_id=96"},"modified":"2026-05-02T11:05:25","modified_gmt":"2026-05-02T11:05:25","slug":"nous-marchons-a-cote-dune-joie","status":"publish","type":"page","link":"https:\/\/dardiajoseph.com\/?page_id=96","title":{"rendered":"Nous marchons \u00e0 c\u00f4t\u00e9 d&#8217;une joie"},"content":{"rendered":"\n<h2 class=\"wp-block-heading\">d\u00e9ambulation po\u00e9tique et sonore au d\u00e9part de Granby, mai 2026<\/h2>\n\n\n\n<details class=\"wp-block-details is-layout-flow wp-block-details-is-layout-flow\"><summary><\/summary>\n<p>r\u00e9alis\u00e9e dans le cadre d&#8217;un s\u00e9jour de co-production au troisi\u00e8me imp\u00e9rial centre d&#8217;artistes autog\u00e9r\u00e9 situ\u00e9e \u00e0 Granby<\/p>\n<\/details>\n\n\n\n<div class=\"wp-block-group alignfull has-global-padding is-layout-constrained wp-block-group-is-layout-constrained\" style=\"margin-top:0;margin-bottom:0\">\n<div class=\"wp-block-group alignwide is-layout-grid wp-container-core-group-is-layout-5fdb10e5 wp-block-group-is-layout-grid\" style=\"padding-top:var(--wp--preset--spacing--50);padding-bottom:var(--wp--preset--spacing--50)\">\n<div class=\"wp-block-group is-vertical is-content-justification-stretch is-nowrap is-layout-flex wp-container-core-group-is-layout-627337ab wp-block-group-is-layout-flex\">\n<div class=\"wp-block-group is-vertical is-content-justification-left is-layout-flex wp-container-core-group-is-layout-dd225191 wp-block-group-is-layout-flex\">\n<div class=\"wp-block-group alignfull has-background is-layout-flow wp-block-group-is-layout-flow\" style=\"background-color:#f5eac1;padding-top:6vw;padding-right:6vw;padding-bottom:6vw;padding-left:6vw\">\n<div class=\"wp-block-group is-vertical is-nowrap is-layout-flex wp-container-core-group-is-layout-36fd9ea3 wp-block-group-is-layout-flex\" style=\"padding-right:0;padding-left:0\">\n<blockquote class=\"wp-block-quote is-layout-flow wp-block-quote-is-layout-flow\">\n<p><em>l&#8217; immobilit\u00e9 des arbres n&#8217;emp\u00eache pas le tremblement<\/em><\/p>\n<\/blockquote>\n<\/div>\n\n\n\n<div style=\"height:1vw\" aria-hidden=\"true\" class=\"wp-block-spacer\"><\/div>\n\n\n\n<div class=\"wp-block-group alignwide is-vertical is-nowrap is-layout-flex wp-container-core-group-is-layout-7946b6b8 wp-block-group-is-layout-flex\" style=\"padding-top:0;padding-right:0;padding-bottom:0;padding-left:0\">\n<div class=\"wp-block-columns alignwide is-layout-flex wp-container-core-columns-is-layout-21b20327 wp-block-columns-is-layout-flex\">\n<div class=\"wp-block-column is-layout-flow wp-block-column-is-layout-flow\" style=\"flex-basis:33%\">\n<div style=\"height:0px\" aria-hidden=\"true\" class=\"wp-block-spacer\"><\/div>\n<\/div>\n\n\n\n<div class=\"wp-block-column is-layout-flow wp-block-column-is-layout-flow\" style=\"flex-basis:33.62%\"><\/div>\n<\/div>\n\n\n\n<div class=\"wp-block-columns alignwide is-layout-flex wp-container-core-columns-is-layout-c24efe4f wp-block-columns-is-layout-flex\">\n<div class=\"wp-block-column is-layout-flow wp-block-column-is-layout-flow\"><\/div>\n<\/div>\n<\/div>\n<\/div>\n<\/div>\n\n\n\n<figure class=\"wp-block-image size-full\"><img loading=\"lazy\" decoding=\"async\" width=\"2560\" height=\"1707\" src=\"https:\/\/dardiajoseph.com\/wp-content\/uploads\/2026\/04\/IMG_4654-scaled.jpg\" alt=\"\" class=\"wp-image-90\" style=\"aspect-ratio:16\/9;object-fit:cover\" srcset=\"https:\/\/dardiajoseph.com\/wp-content\/uploads\/2026\/04\/IMG_4654-scaled.jpg 2560w, https:\/\/dardiajoseph.com\/wp-content\/uploads\/2026\/04\/IMG_4654-300x200.jpg 300w, https:\/\/dardiajoseph.com\/wp-content\/uploads\/2026\/04\/IMG_4654-1024x683.jpg 1024w, https:\/\/dardiajoseph.com\/wp-content\/uploads\/2026\/04\/IMG_4654-768x512.jpg 768w, https:\/\/dardiajoseph.com\/wp-content\/uploads\/2026\/04\/IMG_4654-1536x1024.jpg 1536w, https:\/\/dardiajoseph.com\/wp-content\/uploads\/2026\/04\/IMG_4654-2048x1365.jpg 2048w, https:\/\/dardiajoseph.com\/wp-content\/uploads\/2026\/04\/IMG_4654-1320x880.jpg 1320w\" sizes=\"auto, (max-width: 2560px) 100vw, 2560px\" \/><\/figure>\n<\/div>\n\n\n\n<figure class=\"wp-block-image size-full\"><img loading=\"lazy\" decoding=\"async\" width=\"1920\" height=\"2560\" src=\"https:\/\/dardiajoseph.com\/wp-content\/uploads\/2026\/05\/IMG_2348-scaled.jpg\" alt=\"\" class=\"wp-image-97\" style=\"aspect-ratio:3\/4;object-fit:cover\" srcset=\"https:\/\/dardiajoseph.com\/wp-content\/uploads\/2026\/05\/IMG_2348-scaled.jpg 1920w, https:\/\/dardiajoseph.com\/wp-content\/uploads\/2026\/05\/IMG_2348-225x300.jpg 225w, https:\/\/dardiajoseph.com\/wp-content\/uploads\/2026\/05\/IMG_2348-768x1024.jpg 768w, https:\/\/dardiajoseph.com\/wp-content\/uploads\/2026\/05\/IMG_2348-1152x1536.jpg 1152w, https:\/\/dardiajoseph.com\/wp-content\/uploads\/2026\/05\/IMG_2348-1536x2048.jpg 1536w, https:\/\/dardiajoseph.com\/wp-content\/uploads\/2026\/05\/IMG_2348-1320x1760.jpg 1320w\" sizes=\"auto, (max-width: 1920px) 100vw, 1920px\" \/><\/figure>\n<\/div>\n<\/div>\n\n\n\n<figure class=\"wp-block-audio\"><audio controls src=\"https:\/\/dardiajoseph.com\/wp-content\/uploads\/2026\/05\/Residence-nous-marchons-a-cote-dune-joie.mp3\"><\/audio><\/figure>\n\n\n\n<p><\/p>\n\n\n\n<p><strong>CR\u00c9DITS<\/strong> <\/p>\n\n\n\n<p>\u00e9criture et r\u00e9alisation : dada<\/p>\n\n\n\n<p>field recording et environnement sonore : dada<\/p>\n\n\n\n<p>piano : Thomas Antoine P\u00e9nanguer<\/p>\n\n\n\n<p>mixage : Samuel Bobony<\/p>\n\n\n\n<p>narration : dada<\/p>\n\n\n\n<p><\/p>\n\n\n\n<p><em>avec le support du Conseil des arts du Canada, du Conseil des arts et lettres du Qu\u00e9bec , de la Ville de Granby<\/em> et de l&#8217;\u00e9quipe du troisi\u00e8me imp\u00e9rial<\/p>\n\n\n\n<div class=\"wp-block-columns is-layout-flex wp-container-core-columns-is-layout-28f84493 wp-block-columns-is-layout-flex\">\n<div class=\"wp-block-column is-layout-flow wp-block-column-is-layout-flow\" style=\"flex-basis:100%\"><\/div>\n\n\n\n<div class=\"wp-block-column is-layout-flow wp-block-column-is-layout-flow\"><\/div>\n<\/div>\n","protected":false},"excerpt":{"rendered":"<p>d\u00e9ambulation po\u00e9tique et sonore au d\u00e9part de Granby, mai 2026 l&#8217; immobilit\u00e9 des arbres n&#8217;emp\u00eache pas le tremblement CR\u00c9DITS \u00e9criture et r\u00e9alisation : dada field recording et environnement sonore : dada piano : Thomas Antoine P\u00e9nanguer mixage : Samuel Bobony narration : dada avec le support du Conseil des arts du Canada, du Conseil des [&hellip;]<\/p>\n","protected":false},"author":1,"featured_media":0,"parent":0,"menu_order":0,"comment_status":"closed","ping_status":"closed","template":"","meta":{"footnotes":""},"class_list":["post-96","page","type-page","status-publish","hentry"],"_links":{"self":[{"href":"https:\/\/dardiajoseph.com\/index.php?rest_route=\/wp\/v2\/pages\/96","targetHints":{"allow":["GET"]}}],"collection":[{"href":"https:\/\/dardiajoseph.com\/index.php?rest_route=\/wp\/v2\/pages"}],"about":[{"href":"https:\/\/dardiajoseph.com\/index.php?rest_route=\/wp\/v2\/types\/page"}],"author":[{"embeddable":true,"href":"https:\/\/dardiajoseph.com\/index.php?rest_route=\/wp\/v2\/users\/1"}],"replies":[{"embeddable":true,"href":"https:\/\/dardiajoseph.com\/index.php?rest_route=%2Fwp%2Fv2%2Fcomments&post=96"}],"version-history":[{"count":3,"href":"https:\/\/dardiajoseph.com\/index.php?rest_route=\/wp\/v2\/pages\/96\/revisions"}],"predecessor-version":[{"id":101,"href":"https:\/\/dardiajoseph.com\/index.php?rest_route=\/wp\/v2\/pages\/96\/revisions\/101"}],"wp:attachment":[{"href":"https:\/\/dardiajoseph.com\/index.php?rest_route=%2Fwp%2Fv2%2Fmedia&parent=96"}],"curies":[{"name":"wp","href":"https:\/\/api.w.org\/{rel}","templated":true}]}}